) to base 8
3
-8 (base 10) to base 12
-8
Convert -1130 (base 4) to base 13.
-71
Convert -110 (base 4) to base 15.
-15
What is 13 (base 4) in base 2?
111
-341 (base 6) to base 10
-133
56 (base 8) to base 15
31
Convert -102 (base 5) to base 10.
-27
What is 10 (base 5) in base 11?
5
-3 (base 13) to base 12
-3
What is -1110 (base 2) in base 5?
-24
What is a8 (base 15) in base 5?
1113
55 (base 7) to base 2
101000
1 (base 3) to base 9
1
What is -22 (base 15) in base 3?
-1012
What is -1111 (base 4) in base 6?
-221
Convert 13 (base 10) to base 2.
1101
What is 1423 (base 5) in base 8?
356
What is -5 (base 13) in base 11?
-5
Convert -2 (base 15) to base 7.
-2
-4 (base 14) to base 2
-100
-25 (base 13) to base 14
-23
111 (base 4) to base 5
41
-6b (base 15) to base 7
-203
What is -10 (base 12) in base 4?
-30
11000 (base 2) to base 12
20
Convert -10 (base 2) to base 10.
-2
-30 (base 9) to base 11
-25
Convert 20 (base 16) to base 6.
52
5 (base 12) to base 15
5
-3 (base 6) to base 12
-3
What is 14 (base 6) in base 16?
a
-2 (base 12) to base 8
-2
Convert 25 (base 9) to base 2.
10111
What is 1a (base 15) in base 9?
27
475 (base 8) to base 7
632
f8 (base 16) to base 11
206
Convert 2 (base 8) to base 3.
2
What is -52 (base 8) in base 11?
-39
108 (base 10) to base 6
300
What is 68 (base 10) in base 15?
48
What is 0 (base 10) in base 5?
0
214 (base 5) to base 16
3b
Convert -30 (base 5) to base 16.
-f
-2 (base 16) to base 4
-2
What is -14 (base 8) in base 15?
-c
Convert 0 (base 14) to base 15.
0
Convert 11 (base 11) to base 2.
1100
Convert -9 (base 14) to base 11.
-9
-3a (base 11) to base 7
-61
-3 (base 12) to base 11
-3
What is 21102 (base 3) in base 5?
1300
What is -42 (base 9) in base 4?
-212
What is -220 (base 4) in base 6?
-104
What is -32 (base 13) in base 5?
-131
What is -1110 (base 2) in base 8?
-16
What is 1 (base 8) in base 4?
1
What is -123 (base 5) in base 2?
-100110
Convert -12 (base 9) to base 14.
-b
-21 (base 5) to base 8
-13
-15 (base 10) to base 16
-f
11c (base 16) to base 8
434
What is 41 (base 15) in base 14?
45
What is -3 (base 8) in base 14?
-3
-12c (base 14) to base 9
-282
-1 (base 11) to base 14
-1
Convert 0 (base 10) to base 13.
0
6 (base 10) to base 14
6
2 (base 10) to base 2
10
0 (base 11) to base 4
0
3 (base 13) to base 7
3
What is -61 (base 7) in base 13?
-34
Convert 0 (base 10) to base 4.
0
-3 (base 14) to base 15
-3
What is -11200 (base 3) in base 7?
-240
What is 11 (base 5) in base 11?
6
-1101 (base 2) to base 16
-d
6b (base 13) to base 15
5e
What is -100010 (base 2) in base 14?
-26
What is -13 (base 11) in base 8?
-16
Convert 110 (base 2) to base 10.
6
Convert 11 (base 4) to base 13.
5
Convert -2 (base 15) to base 16.
-2
-12 (base 7) to base 8
-11
Convert -341 (base 7) to base 5.
-1201
What is 8 (base 14) in base 6?
12
-332 (base 4) to base 11
-57
What is 0 (base 6) in base 9?
0
Convert -1011001 (base 2) to base 4.
-1121
Convert -215 (base 7) to base 14.
-7c
1a (base 13) to base 15
18
36 (base 8) to base 16
1e
Convert 243 (base 8) to base 7.
322
Convert 14 (base 15) to base 9.
21
-14 (base 14) to base 5
-33
Convert -20 (base 4) to base 10.
-8
Convert 22 (base 8) to base 6.
30
What is -11 (base 3) in base 8?
-4
What is 0 (base 7) in base 13?
0
Convert 21 (base 3) to base 7.
10
3 (base 14) to base 13
3
Convert -5 (base 9) to base 15.
-5
1310 (base 4) to base 12
98
Convert -4 (base 13) to base 5.
-4
What is 0 (base 10) in base 11?
0
10 (base 3) to base 12
3
What is -18 (base 9) in base 15?
-12
Convert 74 (base 15) to base 13.
85
Convert -210 (base 3) to base 10.
-21
11 (base 12) to base 3
111
What is 1 (base 16) in base 15?
1
What is -15 (base 7) in base 10?
-12
-32 (base 10) to base 5
-112
What is 129 (base 10) in base 8?
201
10 (base 9) to base 13
9
Convert 5 (base 10) to base 13.
5
What is -10 (base 16) in base 7?
-22
What is -32 (base 6) in base 9?
-22
122 (base 6) to base 2
110010
15 (base 9) to base 13
11
Convert 12 (base 5) to base 9.
7
What is 2e (base 16) in base 9?
51
What is 15 (base 13) in base 9?
20
Convert -5 (base 11) to base 8.
-5
What is 21020 (base 3) in base 6?
523
1a (base 11) to base 15
16
Convert 0 (base 5) to base 4.
0
Convert 4 (base 16) to base 8.
4
Convert 2 (base 10) to base 8.
2
What is 10 (base 11) in base 5?
21
1 (base 15) to base 3
1
What is 352 (base 11) in base 7?
1140
What is 2 (base 3) in base 11?
2
What is -3 (base 15) in base 3?
-10
What is -4 (base 10) in base 3?
-11
Convert 3 (base 5) to base 9.
3
What is 14 (base 16) in base 11?
19
Convert 17 (base 9) to base 10.
16
What is 121 (base 4) in base 5?
100
13 (base 14) to base 10
17
What is -34 (base 9) in base 13?
-25
-14b (base 14) to base 7
-524
1 (base 4) to base 15
1
Convert 2c (base 14) to base 8.
50
-68 (base 12) to base 5
-310
What is -6 (base 10) in base 8?
-6
What is 2 (base 8) in base 7?
2
Convert 10 (base 11) to base 15.
b
10 (base 14) to base 11
13
What is 97 (base 12) in base 8?
163
What is 301 (base 5) in base 15?
51
4 (base 11) to base 16
4
What is -2 (base 13) in base 2?
-10
What is 8 (base 9) in base 16?
8
c (base 16) to base 6
20
What is 7 (base 13) in base 6?
11
What is -1 (base 8) in base 11?
-1
What is 122 (base 4) in base 5?
101
3 (base 10) to base 12
3
What is -100 (base 2) in base 9?
-4
What is -1 (base 6) in base 15?
-1
-1 (base 15) to base 12
-1
Convert -2 (base 3) to base 15.
-2
-13 (base 10) to base 2
-1101
What is -55 (base 8) in base 2?
-101101
Convert 4e (base 16) to base 14.
58
144 (base 8) to base 3
10201
What is -18 (base 9) in base 8?
-21
What is 26 (base 13) in base 11?
2a
Convert 3 (base 8) to base 13.
3
Convert 2 (base 3) to base 2.
10
What is 3 (base 16) in base 7?
3
What is 212 (base 3) in base 4?
113
What is 3 (base 14) in base 13?
3
1 (base 12) to base 2
1
Convert -16a (base 13) to base 5.
-2012
Convert -7 (base 10) to base 7.
-10
-22 (base 5) to base 2
-1100
What is -1313 (base 4) in base 15?
-7e
What is -56 (base 8) in base 11?
-42
1101 (base 2) to base 16
d
What is 59 (base 10) in base 9?
65
-10 (base 3) to base 9
-3
Convert -6 (base 11) to base 6.
-10
What is b (base 13) in base 3?
102
What is -28 (base 16) in base 3?
-1111
Convert a (base 14) to base 7.
13
Convert -132 (base 12) to base 2.
-10110110
Convert -b (base 14) to base 10.
-11
What is -80 (base 11) in base 16?
-58
What is 10 (base 9) in base 4?
21
Convert -ac (base 16) to base 11.
-147
Convert -1011110 (base 2) to base 16.
-5e
What is 1 (base 8) in base 5?
1
Convert -22 (base 3) to base 2.
-1000
8 (base 14) to base 2
1000
What is 13 (base 16) in base 7?
25
What is -6 (base 15) in base 6?
-10
What is -2 (base 16) in base 8?
-2
Convert 7 (base 14) to base 13.
7
What is 4 (base 14) in base 7?
4
What is 1 (base 14) in base 7?
1
13 (base 12) to base 13
12
Convert -31 (base 12) to base 11.
-34
-157 (base 10) to base 11
-133
Convert -13 (base 4) to base 11.
-7
What is -10 (base 7) in base 3?
-21
8 (base 12) to base 3
22
4 (base 15) to base 6
4
What is -1 (base 14) in base 10?
-1
-6 (base 12) to base 8
-6
Convert 14 (base 7) to base 8.
13
Convert 11 (base 8) to base 13.
9
Convert 1 (base 4) to base 7.
1
What is 20 (base 4) in base 7?
11
What is -232 (base 4) in base 15?
-31
Convert 1 (base 11) to base 4.
1
What is 1000 (base 2) in base 9?
8
Convert 3 (base 7) to base 6.
3
Convert 302 (base 5) to base 2.
1001101
Convert -2 (base 4) to base 16.
-2
What is 10 (base 7) in base 9?
7
What is -166 (base 10) in base 7?
-325
-212 (base 3) to base 15
-18
What is 1 (base 11) in base 5?
1
14 (base 10) to base 14
10
What is 10 (base 4) in base 10?
4
Convert 1 (base 14) to base 5.
1
Convert 15 (base 12) to base 15.
12
1 (base 4) to base 11
1
What is 144 (base 5) in base 8?
61
Convert 32 (base 5) to base 9.
18
Convert -1 (base 2) to base 8.
-1
Convert 3 (base 13) to base 9.
3
Convert 244 (base 10) to base 7.
466
What is -233 (base 6) in base 7?
-162
What is 0 (base 10) in base 14?
0
Convert -1100 (base 2) to base 4.
-30
What is -3 (base 4) in base 15?
-3
Convert 112 (base 3) to base 11.
13
1 (base 4) to base 11
1
9c (base 16) to base 4
2130
110101 (base 2) to base 16
35
What is -34 (base 7) in base 16?
-19
What is -2 (base 9) in base 12?
-2
Convert -1 (base 5) to base 13.
-1
47 (base 14) to base 2
111111
What is 43 (base 5) in base 14?
19
Convert -60 (base 8) to ba